{"id":599,"date":"2014-08-12T21:03:47","date_gmt":"2014-08-12T19:03:47","guid":{"rendered":"http:\/\/www.livin-balance.de\/?page_id=599"},"modified":"2018-09-06T17:11:58","modified_gmt":"2018-09-06T15:11:58","slug":"farbenergie","status":"publish","type":"page","link":"https:\/\/www.livin-balance.de\/?page_id=599","title":{"rendered":"Farbtherapie"},"content":{"rendered":"<p><span style=\"color: #000000;\"><em>Farbe ist Schwingung.<br \/>\nFarbe ist Energie.<br \/>\nFarben faszinieren und ver\u00e4ndern unser Empfinden.<br \/>\nD\u00fcfte wecken Emotionen und Erinnerungen und sind f\u00fcr unser Wohlbefinden verantwortlich.<\/em><\/span><\/p>\n<p><span style=\"color: #000000;\"><em>Farben<\/em> und <em>D\u00fcfte<\/em> wirken bewusst und unbewusst auf K\u00f6rper, Geist und Seele.<em><br \/>\n<\/em><\/span><\/p>\n<p>I<span style=\"color: #000000;\">n der\u00a0<em>Farbtherapie<\/em>\u00a0steht die Wirkung von Farben auf Psyche und Organismus im Mittelpunkt. Farben sprechen sowohl die psychologische als auch die energetische Ebene an. Bereits in allen Hochkulturen hatte die Wirkung von Farben eine gro\u00dfe Bedeutung.<\/span><\/p>\n<p><span style=\"color: #000000;\">Neueste wissenschaftliche Erkenntnisse haben herausgefunden, dass Lebewesen den Regenbogen in seiner exakt messbaren Lichtqualit\u00e4t in sich tragen. Geraten die von Natur aus harmonischen Lichtfrequenzen etwas aus dem Gleichgewicht, so sind wir im wahrsten Sinne des Wortes verstimmt.<\/span><\/p>\n<p><span style=\"color: #000000;\">Mittels <em>Farbtherapie<\/em> wird es m\u00f6glich, die verstimmten Frequenzen zu regulieren. Durch ihre einfache Anwendbarkeit eignet sich die <em>Farbtherapie<\/em> hervorragend zur Erg\u00e4nzung anderer Therapieformen.<\/span><\/p>\n","protected":false},"excerpt":{"rendered":"<p>Farbe ist Schwingung. Farbe ist Energie. Farben faszinieren und ver\u00e4ndern unser Empfinden. D\u00fcfte wecken Emotionen und Erinnerungen und sind f\u00fcr unser Wohlbefinden verantwortlich. Farben und D\u00fcfte wirken bewusst und unbewusst auf K\u00f6rper, Geist und Seele. In der\u00a0Farbtherapie\u00a0steht die Wirkung von Farben auf Psyche und Organismus im Mittelpunkt. Farben sprechen sowohl die psychologische als auch die [&hellip;]<\/p>\n","protected":false},"author":2,"featured_media":0,"parent":0,"menu_order":0,"comment_status":"open","ping_status":"open","template":"","meta":[],"_links":{"self":[{"href":"https:\/\/www.livin-balance.de\/index.php?rest_route=\/wp\/v2\/pages\/599"}],"collection":[{"href":"https:\/\/www.livin-balance.de\/index.php?rest_route=\/wp\/v2\/pages"}],"about":[{"href":"https:\/\/www.livin-balance.de\/index.php?rest_route=\/wp\/v2\/types\/page"}],"author":[{"embeddable":true,"href":"https:\/\/www.livin-balance.de\/index.php?rest_route=\/wp\/v2\/users\/2"}],"replies":[{"embeddable":true,"href":"https:\/\/www.livin-balance.de\/index.php?rest_route=%2Fwp%2Fv2%2Fcomments&post=599"}],"version-history":[{"count":6,"href":"https:\/\/www.livin-balance.de\/index.php?rest_route=\/wp\/v2\/pages\/599\/revisions"}],"predecessor-version":[{"id":919,"href":"https:\/\/www.livin-balance.de\/index.php?rest_route=\/wp\/v2\/pages\/599\/revisions\/919"}],"wp:attachment":[{"href":"https:\/\/www.livin-balance.de\/index.php?rest_route=%2Fwp%2Fv2%2Fmedia&parent=599"}],"curies":[{"name":"wp","href":"https:\/\/api.w.org\/{rel}","templated":true}]}}